{"id":235,"date":"2018-12-05T22:21:55","date_gmt":"2018-12-05T22:21:55","guid":{"rendered":"http:\/\/bal90.org\/?page_id=235"},"modified":"2018-12-17T09:18:07","modified_gmt":"2018-12-17T09:18:07","slug":"can-gungorurler","status":"publish","type":"page","link":"http:\/\/bal90.org\/?page_id=235","title":{"rendered":"Can G\u00fcng\u00f6r\u00fcrler"},"content":{"rendered":"","protected":false},"excerpt":{"rendered":"","protected":false},"author":1,"featured_media":334,"parent":0,"menu_order":0,"comment_status":"open","ping_status":"closed","template":"","meta":[],"_links":{"self":[{"href":"http:\/\/bal90.org\/index.php?rest_route=\/wp\/v2\/pages\/235"}],"collection":[{"href":"http:\/\/bal90.org\/index.php?rest_route=\/wp\/v2\/pages"}],"about":[{"href":"http:\/\/bal90.org\/index.php?rest_route=\/wp\/v2\/types\/page"}],"author":[{"embeddable":true,"href":"http:\/\/bal90.org\/index.php?rest_route=\/wp\/v2\/users\/1"}],"replies":[{"embeddable":true,"href":"http:\/\/bal90.org\/index.php?rest_route=%2Fwp%2Fv2%2Fcomments&post=235"}],"version-history":[{"count":3,"href":"http:\/\/bal90.org\/index.php?rest_route=\/wp\/v2\/pages\/235\/revisions"}],"predecessor-version":[{"id":337,"href":"http:\/\/bal90.org\/index.php?rest_route=\/wp\/v2\/pages\/235\/revisions\/337"}],"wp:featuredmedia":[{"embeddable":true,"href":"http:\/\/bal90.org\/index.php?rest_route=\/wp\/v2\/media\/334"}],"wp:attachment":[{"href":"http:\/\/bal90.org\/index.php?rest_route=%2Fwp%2Fv2%2Fmedia&parent=235"}],"curies":[{"name":"wp","href":"https:\/\/api.w.org\/{rel}","templated":true}]}}